 + 55. Suppose s*j - 1922 = j. Calculate the highest common divisor of 217 and j.
31
Let v = -5324 - -5939. What is the greatest common factor of v and 2091?
123
Suppose 5*m = -5*g - 555, 3*g + 4*m + 341 = -m. Let f = g - -164. Suppose 9*k - 33 = f. What is the highest common factor of k and 80?
10
Let z = 49 + -34. Suppose 3*b = 2*b + 3*u - z, 2*b + 4*u = 20. Suppose h - 4 - 20 = b. Calculate the greatest common factor of h and 3.
3
Let y be ((-175)/20 - -5)/(10/(-32)). What is the highest common divisor of 1824 and y?
12
Suppose -97839 = -52*r + 121185. Calculate the highest common factor of 243 and r.
81
Let f be 0 + (-5 - -117 - -4). Suppose -8 = 2*a, 5*a - 19 = 5*x - 184. Calculate the greatest common factor of x and f.
29
Suppose 4*k + 4*k = 0. Suppose k = 19*d - 21*d + 14. Calculate the highest common factor of 21 and d.
7
Suppose -31*v - 324 = -9*j - 28*v, -4*j = -v - 143. Suppose -10*z + 1893 = -1257. What is the highest common factor of z and j?
35
Suppose -2*w + 12 - 90 = 0. Let g = w - -43. Let v(j) = -j**2 + 9*j - 12. Let o be v(g). What is the greatest common divisor of 32 and o?
8
Let z = -25776 + 29866. What is the greatest common divisor of z and 80?
10
Suppose -7*b - 24548 = -19*b - 64*b. Calculate the highest common factor of b and 1377.
17
Let v be (126/(-30))/(356/120 + -3). Suppose 0*a - 3*a = -4*o - v, 0 = 2*a - 3*o - 83. What is the highest common divisor of a and 46?
46
Suppose 45*q - 12436 = 31484. Calculate the highest common divisor of q and 549.
61
Suppose -s + 1962915 = 76*s + 244*s. Calculate the highest common divisor of 10 and s.
5
Suppose 3*d + 81 = 7*d - 3*c, -140 = -5*d - 4*c. What is the greatest common divisor of d and 120?
24
Let k be (4 - 2 - 0) + 3. Let b be 3*((-15)/k)/(-3). Let x be b + 0 - (-11 + -161). Calculate the greatest common factor of 25 and x.
25
Suppose -2 = -5*o + 13. Let a be 232 - (-40)/(-15)*o/2. Suppose 5*v + 12 = -8, -5*p + v = -194. What is the greatest common factor of a and p?
38
Let g be (-2)/10 - (-11 - 284/20). Let k(z) = -475*z. Let b be k(-1). What is the highest common factor of b and g?
25
Suppose -4*p + 11*s = 8*s - 98, 0 = 3*p - 2*s - 74. Suppose 23*i + 795 = p*i. Calculate the highest common divisor of 106 and i.
53
Suppose 0 = 5*z - 5, -i + 6*i - 8322 = 3*z. Calculate the highest common factor of 74 and i.
37
Suppose -32 = -2*m - 40, m - 21767 = -3*l. What is the highest common factor of 531 and l?
177
Suppose 91*t - 84*t - 1491 = 0. What is the greatest common factor of 15 and t?
3
Suppose 2 = -h + 2*a, -365*h - a = -360*h - 45. What is the greatest common factor of 206 and h?
2
Suppose -3*w + 394 - 79 = 0. Let o = -28 + 49. What is the highest common divisor of o and w?
21
Let m(h) = -27*h - 180. Let q be m(-7). Calculate the highest common divisor of 351 and q.
9
Suppose -3*f + 41 = -94. Let i be (717/12)/(468/208) - 12/(-27). Calculate the greatest common divisor of f and i.
9
Let u(d) = -2*d**3 - 128*d**2 + 13*d + 1712. Let c be u(-64). What is the highest common divisor of 1210 and c?
110
Let g = 532 - 311. Suppose -2*v - 3*v + g = -c, 4*v + 3*c = 192. Let r be 2305/v - (-4)/(-18). Calculate the greatest common factor of 17 and r.
17
Let m be (1 + -5)*(-26 + 21). Let h be (6 - 0)*(-1 - 58/(-3)). What is the highest common factor of m and h?
10
Let r(q) = q**3 - 42*q**2 - 90*q + 196. Let z be r(44). Suppose -3*c - 156 = -4*p, c = p - c - 44. What is the greatest common divisor of p and z?
36
Let j(f) = 106*f - 1264. Let r be j(12). Calculate the greatest common factor of 2636 and r.
4
Let f(g) = -g**3 + 13*g**2 + 16*g - 24. Let j be f(14). Suppose -j*o + 1 = 9, 816 = 5*z - 3*o. Calculate the highest common divisor of 36 and z.
18
Let x = 16 + -8. Let q = 330 - 330. Suppose 5*i - 310 + 30 = q. Calculate the highest common divisor of x and i.
8
Let y = 753 + -527. Let z = 362 - y. What is the greatest common factor of z and 102?
34
Suppose -67*y + 287*y = 37400. What is the highest common factor of y and 90?
10
Suppose 1940 = -260*m + 289*m + 55. Calculate the highest common divisor of 481 and m.
13
Suppose -2*q + 2*u + 8562 = q, 2*q + u = 5715. What is the highest common divisor of q and 42?
42
Let c = -4830 + 4838. Calculate the highest common divisor of 2696 and c.
8
Let p(x) = x**3 + 27*x**2 + 52*x + 64. Let h be p(-25). Let w be ((-18404)/7)/(-4) + (-4)/h. What is the greatest common factor of 9 and w?
9
Let r = -21375 + 36800. What is the greatest common divisor of r and 25?
25
Suppose 525 = 931*c - 928*c. What is the highest common factor of 75 and c?
25
Let n(u) = -3*u**2 - 13*u - 2. Let d = -85 + 92. Let t be n(d). Let z be (6/15)/((-2)/t). Calculate the greatest common divisor of 12 and z.
12
Suppose 16*k + 147 - 522 = 345. What is the highest common divisor of k and 2370?
15
Suppose 7*j + 2 - 51 = 0. Let x be (j/21)/(1/36). Let z be (-4)/16*-130*x/15. What is the highest common divisor of 208 and z?
26
Suppose 6*a = 239 + 385. Suppose 0 = 9*w + 5 - a. Calculate the greatest common factor of w and 1.
1
Suppose 4*a + 3*w = 35, -a = -6*a - 4*w + 45. Suppose -141 = -a*m + 2*d, -d = 2*m + 2*d - 45. What is the greatest common factor of 63 and m?
9
Suppose 482*j - 480*j - 9078 = 0. Calculate the highest common factor of 51 and j.
51
Let d(m) = -15*m + 7156. Let j be d(-170). What is the highest common factor of j and 46?
46
Let f(d) = -4*d**3 + 8*d + 26. Let u be f(-4). Let r be 14 + 8/(4 + (2 - 8)). What is the greatest common factor of u and r?
10
Let g(v) = -65*v - 30. Let r be g(-4). Let y = r + -216. What is the highest common factor of y and 21?
7
Let s(y) = -y**3 + 6*y**2 + 3*y - 4. Let z be s(6). Let i = 24 - 24. Suppose i = 3*c - 3*g - 116 + 38, 10 = -2*g. What is the highest common divisor of c and z?
7
Let r(b) = -13*b**3 - 8*b**2 - 19*b - 5. Let t be r(-4). Calculate the highest common divisor of t and 62.
31
Let a be (128/896)/(5/(-7))*(-55 + 0). Let s(b) be the first derivative of -b**2/2 + 17*b + 1. Let w be s(a). Calculate the greatest common factor of w and 66.
6
Let i = 62 + -52. Suppose -4*r + i = 10. Let g be -3 + -3*(-6 - r). Calculate the greatest common factor of g and 45.
15
Let y = -11811 - -13883. What is the highest common factor of 32 and y?
8
Let s(o) = -974*o - 2586. Let m be s(-6). What is the greatest common factor of m and 18?
18
Suppose 0 = 22*t + 42*t - 14*t - 12900. Let p be (18/(-15))/((-1)/15). What is the highest common divisor of p and t?
6
Let a be 1832/12 - (-2 - (-5)/3). Suppose -5*b + 1 = 4*m - 1, 5*m - b = 17. Let g be (28 + -1)*2 - m. Calculate the greatest common divisor of g and a.
51
Suppose -71*v = -503 - 49372 - 25527. Calculate the greatest common factor of v and 72.
18
Let g be -8 - -5 - 667/(-1). Suppose -b - q = -6*b + g, 131 = b - 2*q. Calculate the greatest common factor of b and 19.
19
Let a = -2761 - -2803. Suppose 9*x = 2670 + 354. What is the greatest common factor of x and a?
42
Let l(x) = -x**2 - 16*x + 34. Let i be l(-8). Let d = 17 - -11. Calculate the highest common factor of i and d.
14
Suppose 5*z - 2*i = 8*z - 2409, 0 = -2*z + 4*i + 1590. What is the highest common factor of z and 178?
89
Let o be 81 - (-5 - (-6)/(-4)*(-4)/(-3)). What is the highest common divisor of 248 and o?
8
Suppose -5*x - 5*n + 1525 = -0*n, 4*n = -x + 320. Let s be (-75)/(3/(-9)*3). Calculate the highest common factor of x and s.
75
Let b be 6/(-8 - (-226)/28). Let h be (-220)/(-66)*(-12)/(-10). Suppose 78 = 2*l + 2*l + 3*q, -94 = -h*l + 5*q. Calculate the highest common divisor of l and b.
21
Let s = 9 + -15. Let r be (2 + 21/s)*-4. Let p be 1/(-4)*6 - (-255)/r. What is the greatest common factor of 246 and p?
41
Let m = -42 - -5. Suppose 2*x = 5*u + 129, -u + 4*x = 2*u + 69. Let z = u - m. Calculate the highest common divisor of 10 and z.
10
Suppose -36 = 3*m - 18. Let g be (-4 - (-148)/m)*-3. Suppose 5*r + 5*j + 26 - 661 = 0, -r + 121 = 4*j. Calculate the greatest common factor of g and r.
43
Let u = -5184 - -5340. Calculate the greatest common divisor of u and 372.
12
Suppose -2*d - 5*u - 60 = -268, 3*u - 6 = 0. Calculate the greatest common factor of d and 1353.
33
Let d = -994 - -996. Let y be (-3)/(-6)*-40*(-43)/d. What is the highest common factor of 10 and y?
10
Let u(o) = 16*o**2 + 44*o - 501. Let h be u(11)